{"id":3859,"date":"2020-09-25T15:31:38","date_gmt":"2020-09-25T13:31:38","guid":{"rendered":"http:\/\/www.incamera.fr\/artistes\/claudine-doury\/"},"modified":"2022-03-04T18:53:34","modified_gmt":"2022-03-04T17:53:34","slug":"claudine-doury","status":"publish","type":"artiste","link":"https:\/\/www.incamera.fr\/en\/artists\/claudine-doury\/","title":{"rendered":"Claudine Doury"},"content":{"rendered":"\n<p>Claudine Doury is a French photographer, who lives and works mainly in Paris.<\/p>\n\n\n\n<p>After her journalistic studies, she worked as a photo editor for the Gamma agency and Liberation in Paris and for the Contact Press agency in New York. She became a photographer in 1989 and joined the VU\u2019 agency shortly after.<\/p>\n\n\n\n<p>Her works deals with several notions such as memory and transition, focusing on teenagers and travels, which are the main subjects of her works.<\/p>\n\n\n\n<p>In 1999, she received the Leica Oscar Barnack price and the World Press Award for her series \u00ab Peuple de Sib\u00e9rie \u00bb &#8211; which was followed by the publication of her first monograph at the Editions du Seuil. In 2004, her second book \u00ab Artek, un \u00e9t\u00e9 en Crim\u00e9e \u00bb was published at Editions de la Martini\u00e8re. She received the same year the Ni\u00e9pce price for her entire body of work.<\/p>\n\n\n\n<p>She then published \u00ab Loulan Beauty \u00bb at the Editions du Ch\u00eane (2007) and \u00ab L\u2019Homme Nouveau \u00bb &#8211; a series that questions male identity &#8211; at the Editions Filigranes (2017.<\/p>\n\n\n\n<p>In 2017, she is the laureate for a national order of the French Cultural Minister and she received the same year the Marc Ladreit de Lacharri\u00e8re &#8211; Acad\u00e9mie des Beaux-Arts price, in the aim to realize her project \u00ab Une Odys\u00e9e sib\u00e9rienne \u00bb.<\/p>\n\n\n\n<p>Her photographs are regularly exhibit in France and abroad, in the Parc de la Villette (Paris), at the Rencontres d\u2019Arles, in Paris Photo, at the Pavillon Carr\u00e9 de Baudouin (Paris), and at the Villa Perochon (Niort).<br>Her photographs joined some prestigious private and public collection such as the Biblioth\u00e8que Nationale de France, le Fond National d\u2019Art Contemporain, the Artoth\u00e8que in la Rochelle and la Roche-Sur-Yon, le Mus\u00e9e de l\u2019Elys\u00e9e in Lausanne (Switzerland), the Fond d\u2019Art contemporain in Meyrin (Switzerland), the Museu da Imagen in Braga (Portugal), the Leica Camera and Agnes B collection etc&#8230;<\/p>\n","protected":false},"template":"","class_list":["post-3859","artiste","type-artiste","status-publish","hentry"],"acf":[],"yoast_head":"<!-- This site is optimized with the Yoast SEO plugin v26.3 - https:\/\/yoast.com\/wordpress\/plugins\/seo\/ -->\n<title>Claudine Doury - in camera<\/title>\n<meta name=\"robots\" content=\"index, follow, max-snippet:-1, max-image-preview:large, max-video-preview:-1\" \/>\n<link rel=\"canonical\" href=\"https:\/\/www.incamera.fr\/en\/artists\/claudine-doury\/\" \/>\n<meta property=\"og:locale\" content=\"en_US\" \/>\n<meta property=\"og:type\" content=\"article\" \/>\n<meta property=\"og:title\" content=\"Claudine Doury - in camera\" \/>\n<meta property=\"og:description\" content=\"Claudine Doury is a French photographer, who lives and works mainly in Paris. After her journalistic studies, she worked as a photo editor for the Gamma agency and Liberation in Paris and for the Contact Press agency in New York. She became a photographer in 1989 and joined the VU\u2019 agency shortly after. Her works [&hellip;]\" \/>\n<meta property=\"og:url\" content=\"https:\/\/www.incamera.fr\/en\/artists\/claudine-doury\/\" \/>\n<meta property=\"og:site_name\" content=\"in camera\" \/>\n<meta property=\"article:publisher\" content=\"https:\/\/www.facebook.com\/incameragalerie\/\" \/>\n<meta property=\"article:modified_time\" content=\"2022-03-04T17:53:34+00:00\" \/>\n<meta name=\"twitter:card\" content=\"summary_large_image\" \/>\n<meta name=\"twitter:label1\" content=\"Est. reading time\" \/>\n\t<meta name=\"twitter:data1\" content=\"2 minutes\" \/>\n<script type=\"application\/ld+json\" class=\"yoast-schema-graph\">{\"@context\":\"https:\/\/schema.org\",\"@graph\":[{\"@type\":\"WebPage\",\"@id\":\"https:\/\/www.incamera.fr\/en\/artists\/claudine-doury\/\",\"url\":\"https:\/\/www.incamera.fr\/en\/artists\/claudine-doury\/\",\"name\":\"Claudine Doury - in camera\",\"isPartOf\":{\"@id\":\"https:\/\/www.incamera.fr\/en\/#website\"},\"datePublished\":\"2020-09-25T13:31:38+00:00\",\"dateModified\":\"2022-03-04T17:53:34+00:00\",\"breadcrumb\":{\"@id\":\"https:\/\/www.incamera.fr\/en\/artists\/claudine-doury\/#breadcrumb\"},\"inLanguage\":\"en-US\",\"potentialAction\":[{\"@type\":\"ReadAction\",\"target\":[\"https:\/\/www.incamera.fr\/en\/artists\/claudine-doury\/\"]}]},{\"@type\":\"BreadcrumbList\",\"@id\":\"https:\/\/www.incamera.fr\/en\/artists\/claudine-doury\/#breadcrumb\",\"itemListElement\":[{\"@type\":\"ListItem\",\"position\":1,\"name\":\"Home\",\"item\":\"https:\/\/www.incamera.fr\/en\/\"},{\"@type\":\"ListItem\",\"position\":2,\"name\":\"Artistes\",\"item\":\"https:\/\/www.incamera.fr\/en\/artists\/\"},{\"@type\":\"ListItem\",\"position\":3,\"name\":\"Claudine Doury\"}]},{\"@type\":\"WebSite\",\"@id\":\"https:\/\/www.incamera.fr\/en\/#website\",\"url\":\"https:\/\/www.incamera.fr\/en\/\",\"name\":\"in camera\",\"description\":\"in camera galerie\",\"publisher\":{\"@id\":\"https:\/\/www.incamera.fr\/en\/#organization\"},\"potentialAction\":[{\"@type\":\"SearchAction\",\"target\":{\"@type\":\"EntryPoint\",\"urlTemplate\":\"https:\/\/www.incamera.fr\/en\/?s={search_term_string}\"},\"query-input\":{\"@type\":\"PropertyValueSpecification\",\"valueRequired\":true,\"valueName\":\"search_term_string\"}}],\"inLanguage\":\"en-US\"},{\"@type\":\"Organization\",\"@id\":\"https:\/\/www.incamera.fr\/en\/#organization\",\"name\":\"in camera\",\"url\":\"https:\/\/www.incamera.fr\/en\/\",\"logo\":{\"@type\":\"ImageObject\",\"inLanguage\":\"en-US\",\"@id\":\"https:\/\/www.incamera.fr\/en\/#\/schema\/logo\/image\/\",\"url\":\"https:\/\/www.incamera.fr\/wp-content\/uploads\/2022\/10\/01_AndreaTorresBalaguer_TheUnknown_Nebula_2022-768x1024.jpg\",\"contentUrl\":\"https:\/\/www.incamera.fr\/wp-content\/uploads\/2022\/10\/01_AndreaTorresBalaguer_TheUnknown_Nebula_2022-768x1024.jpg\",\"width\":768,\"height\":1024,\"caption\":\"in camera\"},\"image\":{\"@id\":\"https:\/\/www.incamera.fr\/en\/#\/schema\/logo\/image\/\"},\"sameAs\":[\"https:\/\/www.facebook.com\/incameragalerie\/\",\"https:\/\/www.instagram.com\/incameragalerie\/\"]}]}<\/script>\n<!-- \/ Yoast SEO plugin. -->","yoast_head_json":{"title":"Claudine Doury - in camera","robots":{"index":"index","follow":"follow","max-snippet":"max-snippet:-1","max-image-preview":"max-image-preview:large","max-video-preview":"max-video-preview:-1"},"canonical":"https:\/\/www.incamera.fr\/en\/artists\/claudine-doury\/","og_locale":"en_US","og_type":"article","og_title":"Claudine Doury - in camera","og_description":"Claudine Doury is a French photographer, who lives and works mainly in Paris. After her journalistic studies, she worked as a photo editor for the Gamma agency and Liberation in Paris and for the Contact Press agency in New York. She became a photographer in 1989 and joined the VU\u2019 agency shortly after. Her works [&hellip;]","og_url":"https:\/\/www.incamera.fr\/en\/artists\/claudine-doury\/","og_site_name":"in camera","article_publisher":"https:\/\/www.facebook.com\/incameragalerie\/","article_modified_time":"2022-03-04T17:53:34+00:00","twitter_card":"summary_large_image","twitter_misc":{"Est. reading time":"2 minutes"},"schema":{"@context":"https:\/\/schema.org","@graph":[{"@type":"WebPage","@id":"https:\/\/www.incamera.fr\/en\/artists\/claudine-doury\/","url":"https:\/\/www.incamera.fr\/en\/artists\/claudine-doury\/","name":"Claudine Doury - in camera","isPartOf":{"@id":"https:\/\/www.incamera.fr\/en\/#website"},"datePublished":"2020-09-25T13:31:38+00:00","dateModified":"2022-03-04T17:53:34+00:00","breadcrumb":{"@id":"https:\/\/www.incamera.fr\/en\/artists\/claudine-doury\/#breadcrumb"},"inLanguage":"en-US","potentialAction":[{"@type":"ReadAction","target":["https:\/\/www.incamera.fr\/en\/artists\/claudine-doury\/"]}]},{"@type":"BreadcrumbList","@id":"https:\/\/www.incamera.fr\/en\/artists\/claudine-doury\/#breadcrumb","itemListElement":[{"@type":"ListItem","position":1,"name":"Home","item":"https:\/\/www.incamera.fr\/en\/"},{"@type":"ListItem","position":2,"name":"Artistes","item":"https:\/\/www.incamera.fr\/en\/artists\/"},{"@type":"ListItem","position":3,"name":"Claudine Doury"}]},{"@type":"WebSite","@id":"https:\/\/www.incamera.fr\/en\/#website","url":"https:\/\/www.incamera.fr\/en\/","name":"in camera","description":"in camera galerie","publisher":{"@id":"https:\/\/www.incamera.fr\/en\/#organization"},"potentialAction":[{"@type":"SearchAction","target":{"@type":"EntryPoint","urlTemplate":"https:\/\/www.incamera.fr\/en\/?s={search_term_string}"},"query-input":{"@type":"PropertyValueSpecification","valueRequired":true,"valueName":"search_term_string"}}],"inLanguage":"en-US"},{"@type":"Organization","@id":"https:\/\/www.incamera.fr\/en\/#organization","name":"in camera","url":"https:\/\/www.incamera.fr\/en\/","logo":{"@type":"ImageObject","inLanguage":"en-US","@id":"https:\/\/www.incamera.fr\/en\/#\/schema\/logo\/image\/","url":"https:\/\/www.incamera.fr\/wp-content\/uploads\/2022\/10\/01_AndreaTorresBalaguer_TheUnknown_Nebula_2022-768x1024.jpg","contentUrl":"https:\/\/www.incamera.fr\/wp-content\/uploads\/2022\/10\/01_AndreaTorresBalaguer_TheUnknown_Nebula_2022-768x1024.jpg","width":768,"height":1024,"caption":"in camera"},"image":{"@id":"https:\/\/www.incamera.fr\/en\/#\/schema\/logo\/image\/"},"sameAs":["https:\/\/www.facebook.com\/incameragalerie\/","https:\/\/www.instagram.com\/incameragalerie\/"]}]}},"_links":{"self":[{"href":"https:\/\/www.incamera.fr\/en\/wp-json\/wp\/v2\/artiste\/3859","targetHints":{"allow":["GET"]}}],"collection":[{"href":"https:\/\/www.incamera.fr\/en\/wp-json\/wp\/v2\/artiste"}],"about":[{"href":"https:\/\/www.incamera.fr\/en\/wp-json\/wp\/v2\/types\/artiste"}],"wp:attachment":[{"href":"https:\/\/www.incamera.fr\/en\/wp-json\/wp\/v2\/media?parent=3859"}],"curies":[{"name":"wp","href":"https:\/\/api.w.org\/{rel}","templated":true}]}}

<p>Claudine Doury is a French photographer, who lives and works mainly in Paris.</p>



<p>After her journalistic studies, she worked as a photo editor for the Gamma agency and Liberation in Paris and for the Contact Press agency in New York. She became a photographer in 1989 and joined the VU’ agency shortly after.</p>



<p>Her works deals with several notions such as memory and transition, focusing on teenagers and travels, which are the main subjects of her works.</p>



<p>In 1999, she received the Leica Oscar Barnack price and the World Press Award for her series « Peuple de Sibérie » &#8211; which was followed by the publication of her first monograph at the Editions du Seuil. In 2004, her second book « Artek, un été en Crimée » was published at Editions de la Martinière. She received the same year the Niépce price for her entire body of work.</p>



<p>She then published « Loulan Beauty » at the Editions du Chêne (2007) and « L’Homme Nouveau » &#8211; a series that questions male identity &#8211; at the Editions Filigranes (2017.</p>



<p>In 2017, she is the laureate for a national order of the French Cultural Minister and she received the same year the Marc Ladreit de Lacharrière &#8211; Académie des Beaux-Arts price, in the aim to realize her project « Une Odysée sibérienne ».</p>



<p>Her photographs are regularly exhibit in France and abroad, in the Parc de la Villette (Paris), at the Rencontres d’Arles, in Paris Photo, at the Pavillon Carré de Baudouin (Paris), and at the Villa Perochon (Niort).<br>Her photographs joined some prestigious private and public collection such as the Bibliothèque Nationale de France, le Fond National d’Art Contemporain, the Artothèque in la Rochelle and la Roche-Sur-Yon, le Musée de l’Elysée in Lausanne (Switzerland), the Fond d’Art contemporain in Meyrin (Switzerland), the Museu da Imagen in Braga (Portugal), the Leica Camera and Agnes B collection etc&#8230;</p>
